i - 7 = 0, -3*i + 3 = 3*u. Suppose u*q - 6*q + d = 0. Calculate the highest common divisor of 16 and q.
8
Suppose 0 = 3*n + 4*k - 18, 1 = -2*n + 4*k - 7. Let h be n*12 - (71 - 75). Calculate the greatest common factor of h and 52.
4
Let d(j) = 2*j**2 - 25 - 12 - 8 - j**2 - j. Let c be d(-8). Calculate the highest common factor of c and 27.
27
Let f = -110 + 124. Let c(a) = a**3 - 14*a**2 + 18. Let i be c(f). Let l = -19 + 64. What is the highest common factor of l and i?
9
Let d = -118 + 182. Let l = -1022 - -1070. What is the highest common divisor of d and l?
16
Suppose -3*g - 17 = -5*g + 3*p, -2*g + 5*p = -23. Suppose -g*s + 298 = 98. Suppose 49*i + 4 = s*i. What is the greatest common factor of 4 and i?
4
Suppose -6*n + 34*n - 12*n - 384 = 0. What is the highest common factor of n and 444?
12
Let z = -668 - -709. Suppose z*r - 7744 = -3*r. What is the highest common divisor of r and 33?
11
Let v(l) = -40*l - 118. Let q be v(-6). Calculate the highest common factor of q and 4148.
122
Suppose 2*o - 65 = -4*i + 13, 73 = 4*i + o. Let y = 99 - i. Suppose 0 = -3*v + 5*d - 179 + 789, 2 = 2*d. Calculate the greatest common divisor of y and v.
41
Let u(g) = -g**3 + 16*g**2 - 18*g - 8. Let n be u(13). Let a be (-9)/(-15) + (-1572)/(-30). What is the highest common factor of a and n?
53
Let p = 1455 - 609. Suppose -5*r + p = -2*r. Let s = r - 147. What is the greatest common factor of 15 and s?
15
Let l(c) = -40*c + 250. Let r be l(15). Let i = 380 + r. Suppose -2*o + 258 = -q - 285, -5*o + 2*q = -1356. Calculate the highest common divisor of i and o.
30
Suppose 33*n - 111 = 35 + 19. Let i be 110/(-33)*12*-1. Calculate the greatest common factor of n and i.
5
Let p be (1642/(-4))/(27/(-15660)*10). What is the highest common divisor of p and 87?
29
Let l = 52 + -5. Suppose -41*k - 30 = -l*k. Calculate the highest common divisor of 20 and k.
5
Let x(k) = -2*k**3 + 22*k**2 + 27*k - 33. Let d be x(12). Suppose 0 = -3*z - 3*n + 9 + 30, 0 = z - d*n - 25. What is the highest common divisor of 320 and z?
16
Let v = 18583 + -17663. What is the greatest common factor of 80 and v?
40
Let g be (-20644 - 0)*(-58)/(-261)*36/(-32). What is the highest common divisor of 26 and g?
13
Suppose 3*w + 6*w = -63. Let r be (1 - 2)/((-1)/w). Let u be 2060/70 + 3/r. Calculate the highest common factor of 29 and u.
29
Suppose 4*g = 2*p + 7*g + 53, 5*p + 3*g = -137. Let m be p/(-8)*(-300)/(-14). What is the greatest common factor of 75 and m?
75
Let w be -6*21/((-567)/2) + 5261/9. What is the highest common factor of w and 845?
65
Let z = -19040 - -19103. Let s be (-2 - -2) + 74/(-2). Let g = s + z. What is the highest common divisor of g and 208?
26
Let v(l) = 33*l**2 + 19 - 3*l**3 + 4*l**3 + 32*l**2 - 10*l - 72*l**2. Let o be v(8). Let c = -2 - -14. Calculate the highest common factor of o and c.
3
Let k = -30408 + 30700. What is the greatest common factor of 8 and k?
4
Suppose -22*t + 27*t = 125. Suppose 2*n - 21 - 3 = -3*q, -n + t = -5*q. What is the greatest common divisor of 6 and n?
3
Suppose -4*f - t + 341 = 0, 5*f - 428 = -4*t + t. Let i = -52 + f. Calculate the highest common divisor of 3 and i.
3
Suppose 0 = 160*r - 157*r - 4*f - 86972, 4*f = 5*r - 144956. Calculate the greatest common factor of 16 and r.
16
Let x(d) = 3*d + 149. Let f be x(7). What is the highest common divisor of f and 5610?
170
Suppose 22*r - 4132 = -4*w + 18*r, 0 = -3*w + 3*r + 3123. Calculate the highest common factor of w and 61.
61
Let x(o) = -274*o - 156*o - 235*o + 13 - 103*o. Let k be x(3). Let b be 69/(-184) - k/8. What is the highest common divisor of b and 26?
26
Let r = -1694 + 1699. Suppose 6*s + 40 = s + 5*y, -3 = -y. Let t(f) = -f**2 - 7*f - 5. Let v be t(s). Calculate the highest common divisor of v and r.
5
Let d = -6495 + 6510. What is the highest common factor of d and 145?
5
Suppose -3*b = -37 + 31. Let u be b/((-8)/(-59)) + (-9)/(-36). What is the greatest common divisor of u and 615?
15
Let v = -43 + 100. Calculate the highest common factor of v and 741.
57
Suppose -4*k + 50 - 10 = 0. Let s be k/(-2*6/(-246)). Suppose -4*g + y = -326, 4*y - 418 = 3*g - 8*g. Calculate the highest common divisor of s and g.
41
Let w(q) = 2925*q - 5613. Let n be w(19). Calculate the greatest common divisor of n and 66.
66
Let k(m) = 10*m + 49. Let d be k(-3). Suppose -d*p = 162 - 1416. What is the greatest common factor of p and 18?
6
Let z be 516/9 - (-8)/12. Suppose 1218 = 2941*u - 2927*u. Calculate the highest common factor of u and z.
29
Let w(v) = 18*v**2 - 12*v - 31. Let q be w(-3). Let r = q + -145. Calculate the greatest common divisor of 253 and r.
11
Let a be 55 + 3/2*10/(-8 + 3). What is the greatest common factor of 116 and a?
4
Suppose 0 = -346*u + 72*u + 1790316. Calculate the greatest common factor of 891 and u.
297
Suppose 5*a + 11 = 41. Let s = -550 - -551. Let v be (192/(-320))/(s/(-90)). What is the greatest common divisor of v and a?
6
Let o = -44666 + 44679. Let i be 2/(1 - 134/138). Suppose -347 = -4*v + i. Calculate the greatest common factor of v and o.
13
Let s = 1256 + -528. What is the highest common divisor of 504 and s?
56
Let j(d) = -50*d - 3562. Let h be j(-76). What is the greatest common divisor of 2958 and h?
34
Let k be -2 + 13/((-4)/(-4)). Suppose 0 = -5*c - 15, -k*c - 54 = -3*r - 8*c. What is the greatest common divisor of 105 and r?
15
Let w = 32809 + -19164. Calculate the greatest common factor of w and 5.
5
Let j(h) = -2*h**2 - 25*h - 59. Let u(g) = g**2 + 13*g + 30. Let w(i) = -4*j(i) - 7*u(i). Let k be w(-9). What is the highest common factor of 26 and k?
26
Let k(q) = q**3 - 68*q**2 + 1107*q + 56. Let t be k(41). What is the highest common divisor of t and 28?
28
Suppose 0 = -219*f + 607*f - 437530 - 133606. What is the greatest common factor of f and 230?
46
Let l(j) = 3*j**2 + 37*j - 15. Let q be l(-13). Let k be (-4 + -8)*37 - -4. Let y be (8/(-20))/(1/k). What is the greatest common divisor of q and y?
11
Let n be (-12)/(-5)*(-20)/6. Let k be 2147/5 + n/20. Calculate the greatest common factor of 39 and k.
39
Let a(f) = f + 75. Let w(x) = -5*x - 300. Let q(p) = 9*a(p) + 2*w(p). Suppose -122 = 13*z - 265. Let s be q(z). What is the highest common factor of s and 4?
4
Let d = 1 + 10. Let p(f) = -f**3 + 17*f**2 + 196*f + 23. Let x be p(-8). Calculate the highest common divisor of d and x.
11
Suppose 4*n + q = 305 + 207, -4*q = 2*n - 256. What is the greatest common divisor of n and 2?
2
Let a = 387 + -520. Let x be 16/(0 - 7/a). What is the highest common factor of x and 57?
19
Let p = -97 - -165. Suppose 37 + 932 = 19*q. What is the greatest common factor of q and p?
17
Let s be 281/4 - (5/8 + 3/(-8)). Let k be (-40)/(-3) + 6/9. What is the highest common divisor of k and s?
14
Let i = -1140 - -1184. Suppose 0 = -2*b - 4*g + 1124, -2*b + g + 2865 = 3*b. Calculate the greatest common factor of i and b.
44
Let d be -24*(-5)/(-50)*-895. What is the greatest common factor of d and 264?
12
Suppose 7*n - 2 - 12 = 0. Suppose n*i + i - 45 = 0. Let f be -1*(-80)/15*i. Calculate the highest common factor of 10 and f.
10
Let j = 67 - 44. Let i(g) = -27*g + 70. Let l be i(-12). Suppose -2*f + 5*d + l = 0, -1055 = 5*f - 10*f - 5*d. What is the greatest common divisor of f and j?
23
Suppose -490*p + 490 = -483*p. What is the greatest common factor of p and 2975?
35
Let s be (28/(-10))/((-1)/20). Let a = -103 + -49. Let p = a - -160. What is the highest common divisor of s and p?
8
Suppose 5*l - 108 = -w, 4*w - 3*l - 323 = -29. Suppose 4*s = s + 3*n + 84, -3*s = -2*n - 82. What is the greatest common divisor of s and w?
26
Suppose 20*j - 1678 = 16*j + 2*c, 4*j - 4*c = 1688. What is the highest common factor of j and 278?
139
Let o = 96 + -96. Suppose o = -4*p - 2*t + 316, 231 = 15*p - 12*p + 3*t. What is the greatest common divisor of p and 135?
27
Let y be 525 + (-3)/(21/14). Suppose 4*t - 540 = 4*o, 6*t + 3*o - y = 332. Calculate the highest common divisor of 245 and t.
35
Suppose 338 - 13 = 5*y. Suppose -95*w + 510 = -90*w. Suppose -7*i + 3*i - j + w = 0, i + 2*j - 22 = 0. What is the highest common factor of i and y?
13
Let j = -4340 - -4355. Calculate the highest common divisor of 81 and j.
3
Suppose 3*v = r + 4*v - 3, v - 1 = 0. Suppose 8*w = 4*w - 2*b - 